{"version":"1.0","provider_name":"EcoConscience TV","provider_url":"https:\/\/www.ecoconscience.tv","title":"Le SYNATO sollicite les hommes de m\u00e9dia pour redynamiser le secteur culturel | EcoConscience TV","type":"rich","width":600,"height":338,"html":"<blockquote class=\"wp-embedded-content\" data-secret=\"BTSimD4vNe\"><a href=\"https:\/\/www.ecoconscience.tv\/synato-sollicite-hommes-de-media-redynamiser-secteur-culturel\/\">Le SYNATO sollicite les hommes de m\u00e9dia pour redynamiser le secteur culturel<\/a><\/blockquote><iframe sandbox=\"allow-scripts\" security=\"restricted\" src=\"https:\/\/www.ecoconscience.tv\/synato-sollicite-hommes-de-media-redynamiser-secteur-culturel\/embed\/#?secret=BTSimD4vNe\" width=\"600\" height=\"338\" title=\"\u00ab\u00a0Le SYNATO sollicite les hommes de m\u00e9dia pour redynamiser le secteur culturel\u00a0\u00bb &#8212; EcoConscience TV\" data-secret=\"BTSimD4vNe\" frameborder=\"0\" marginwidth=\"0\" marginheight=\"0\" scrolling=\"no\" class=\"wp-embedded-content\"><\/iframe><script type=\"text\/javascript\">\n\/*! This file is auto-generated *\/\n!function(c,l){\"use strict\";var e=!1,o=!1;if(l.querySelector)if(c.addEventListener)e=!0;if(c.wp=c.wp||{},c.wp.receiveEmbedMessage);else if(c.wp.receiveEmbedMessage=function(e){var t=e.data;if(!t);else if(!(t.secret||t.message||t.value));else if(\/[^a-zA-Z0-9]\/.test(t.secret));else{for(var r,s,a,i=l.querySelectorAll('iframe[data-secret=\"'+t.secret+'\"]'),n=l.querySelectorAll('blockquote[data-secret=\"'+t.secret+'\"]'),o=0;o<n.length;o++)n[o].style.display=\"none\";for(o=0;o<i.length;o++)if(r=i[o],e.source!==r.contentWindow);else{if(r.removeAttribute(\"style\"),\"height\"===t.message){if(1e3<(s=parseInt(t.value,10)))s=1e3;else if(~~s<200)s=200;r.height=s}if(\"link\"===t.message)if(s=l.createElement(\"a\"),a=l.createElement(\"a\"),s.href=r.getAttribute(\"src\"),a.href=t.value,a.host===s.host)if(l.activeElement===r)c.top.location.href=t.value}}},e)c.addEventListener(\"message\",c.wp.receiveEmbedMessage,!1),l.addEventListener(\"DOMContentLoaded\",t,!1),c.addEventListener(\"load\",t,!1);function t(){if(o);else{o=!0;for(var e,t,r,s=-1!==navigator.appVersion.indexOf(\"MSIE 10\"),a=!!navigator.userAgent.match(\/Trident.*rv:11\\.\/),i=l.querySelectorAll(\"iframe.wp-embedded-content\"),n=0;n<i.length;n++){if(!(r=(t=i[n]).getAttribute(\"data-secret\")))r=Math.random().toString(36).substr(2,10),t.src+=\"#?secret=\"+r,t.setAttribute(\"data-secret\",r);if(s||a)(e=t.cloneNode(!0)).removeAttribute(\"security\"),t.parentNode.replaceChild(e,t);t.contentWindow.postMessage({message:\"ready\",secret:r},\"*\")}}}}(window,document);\n<\/script>\n","thumbnail_url":"https:\/\/www.ecoconscience.tv\/wp-content\/uploads\/2017\/06\/IMG_20170608_193547_493.jpg","thumbnail_width":1080,"thumbnail_height":599,"description":"Quelques mois apr\u00e8s le d\u00e9cret portant modalit\u00e9s d&rsquo;application du statut de l&rsquo;artiste togolais, les int\u00e9ress\u00e9s eux m\u00eame se remobilisent pour faire valoir leur place et importance dans la cit\u00e9. Regroup\u00e9s au sein du Syndicat National des Artistes du Togo, ils optent pour la redynamisation de leur secteur. Afin d&rsquo;atteindre cet objectif, sollicitent &#8211; ils l&rsquo;appui [&hellip;]"}

Le SYNATO sollicite les hommes de média pour redynamiser le secteur culturel | EcoConscience TV

<blockquote class="wp-embedded-content" data-secret="BTSimD4vNe"><a href="https://www.ecoconscience.tv/synato-sollicite-hommes-de-media-redynamiser-secteur-culturel/">Le SYNATO sollicite les hommes de média pour redynamiser le secteur culturel</a></blockquote><iframe sandbox="allow-scripts" security="restricted" src="https://www.ecoconscience.tv/synato-sollicite-hommes-de-media-redynamiser-secteur-culturel/embed/#?secret=BTSimD4vNe" width="600" height="338" title="« Le SYNATO sollicite les hommes de média pour redynamiser le secteur culturel » &#8212; EcoConscience TV" data-secret="BTSimD4vNe" frameborder="0" marginwidth="0" marginheight="0" scrolling="no" class="wp-embedded-content"></iframe><script type="text/javascript">
/*! This file is auto-generated */
!function(c,l){"use strict";var e=!1,o=!1;if(l.querySelector)if(c.addEventListener)e=!0;if(c.wp=c.wp||{},c.wp.receiveEmbedMessage);else if(c.wp.receiveEmbedMessage=function(e){var t=e.data;if(!t);else if(!(t.secret||t.message||t.value));else if(/[^a-zA-Z0-9]/.test(t.secret));else{for(var r,s,a,i=l.querySelectorAll('iframe[data-secret="'+t.secret+'"]'),n=l.querySelectorAll('blockquote[data-secret="'+t.secret+'"]'),o=0;o<n.length;o++)n[o].style.display="none";for(o=0;o<i.length;o++)if(r=i[o],e.source!==r.contentWindow);else{if(r.removeAttribute("style"),"height"===t.message){if(1e3<(s=parseInt(t.value,10)))s=1e3;else if(~~s<200)s=200;r.height=s}if("link"===t.message)if(s=l.createElement("a"),a=l.createElement("a"),s.href=r.getAttribute("src"),a.href=t.value,a.host===s.host)if(l.activeElement===r)c.top.location.href=t.value}}},e)c.addEventListener("message",c.wp.receiveEmbedMessage,!1),l.addEventListener("DOMContentLoaded",t,!1),c.addEventListener("load",t,!1);function t(){if(o);else{o=!0;for(var e,t,r,s=-1!==navigator.appVersion.indexOf("MSIE 10"),a=!!navigator.userAgent.match(/Trident.*rv:11\./),i=l.querySelectorAll("iframe.wp-embedded-content"),n=0;n<i.length;n++){if(!(r=(t=i[n]).getAttribute("data-secret")))r=Math.random().toString(36).substr(2,10),t.src+="#?secret="+r,t.setAttribute("data-secret",r);if(s||a)(e=t.cloneNode(!0)).removeAttribute("security"),t.parentNode.replaceChild(e,t);t.contentWindow.postMessage({message:"ready",secret:r},"*")}}}}(window,document);
</script>

Quelques mois après le décret portant modalités d&rsquo;application du statut de l&rsquo;artiste togolais, les intéressés eux même se remobilisent pour faire valoir leur place et importance dans la cité. Regroupés au sein du Syndicat National des Artistes du Togo, ils optent pour la redynamisation de leur secteur. Afin d&rsquo;atteindre cet objectif, sollicitent &#8211; ils l&rsquo;appui [&hellip;]
