{"version":"1.0","provider_name":"EcoConscience TV","provider_url":"https:\/\/www.ecoconscience.tv","title":"Sommet D\u00e9sertifActions, Ouagadougou 2019 : \"Terre, Biodiversit\u00e9, Climat\" | EcoConscience TV","type":"rich","width":600,"height":338,"html":"<blockquote class=\"wp-embedded-content\" data-secret=\"fsxWiqlPiT\"><a href=\"https:\/\/www.ecoconscience.tv\/sommet-desertifications-ouagadougou-2019-terre-biodiversite-climat\/\">Sommet D\u00e9sertifActions, Ouagadougou 2019 : \u00ab\u00a0Terre, Biodiversit\u00e9, Climat\u00a0\u00bb<\/a><\/blockquote><iframe sandbox=\"allow-scripts\" security=\"restricted\" src=\"https:\/\/www.ecoconscience.tv\/sommet-desertifications-ouagadougou-2019-terre-biodiversite-climat\/embed\/#?secret=fsxWiqlPiT\" width=\"600\" height=\"338\" title=\"\u00ab\u00a0Sommet D\u00e9sertifActions, Ouagadougou 2019 : \u00ab\u00a0Terre, Biodiversit\u00e9, Climat\u00a0\u00bb\u00a0\u00bb &#8212; EcoConscience TV\" data-secret=\"fsxWiqlPiT\" frameborder=\"0\" marginwidth=\"0\" marginheight=\"0\" scrolling=\"no\" class=\"wp-embedded-content\"><\/iframe><script type=\"text\/javascript\">\n\/*! This file is auto-generated *\/\n!function(c,l){\"use strict\";var e=!1,o=!1;if(l.querySelector)if(c.addEventListener)e=!0;if(c.wp=c.wp||{},c.wp.receiveEmbedMessage);else if(c.wp.receiveEmbedMessage=function(e){var t=e.data;if(!t);else if(!(t.secret||t.message||t.value));else if(\/[^a-zA-Z0-9]\/.test(t.secret));else{for(var r,s,a,i=l.querySelectorAll('iframe[data-secret=\"'+t.secret+'\"]'),n=l.querySelectorAll('blockquote[data-secret=\"'+t.secret+'\"]'),o=0;o<n.length;o++)n[o].style.display=\"none\";for(o=0;o<i.length;o++)if(r=i[o],e.source!==r.contentWindow);else{if(r.removeAttribute(\"style\"),\"height\"===t.message){if(1e3<(s=parseInt(t.value,10)))s=1e3;else if(~~s<200)s=200;r.height=s}if(\"link\"===t.message)if(s=l.createElement(\"a\"),a=l.createElement(\"a\"),s.href=r.getAttribute(\"src\"),a.href=t.value,a.host===s.host)if(l.activeElement===r)c.top.location.href=t.value}}},e)c.addEventListener(\"message\",c.wp.receiveEmbedMessage,!1),l.addEventListener(\"DOMContentLoaded\",t,!1),c.addEventListener(\"load\",t,!1);function t(){if(o);else{o=!0;for(var e,t,r,s=-1!==navigator.appVersion.indexOf(\"MSIE 10\"),a=!!navigator.userAgent.match(\/Trident.*rv:11\\.\/),i=l.querySelectorAll(\"iframe.wp-embedded-content\"),n=0;n<i.length;n++){if(!(r=(t=i[n]).getAttribute(\"data-secret\")))r=Math.random().toString(36).substr(2,10),t.src+=\"#?secret=\"+r,t.setAttribute(\"data-secret\",r);if(s||a)(e=t.cloneNode(!0)).removeAttribute(\"security\"),t.parentNode.replaceChild(e,t);t.contentWindow.postMessage({message:\"ready\",secret:r},\"*\")}}}}(window,document);\n<\/script>\n","thumbnail_url":"https:\/\/www.ecoconscience.tv\/wp-content\/uploads\/2019\/06\/20190624_185045.png","thumbnail_width":1066,"thumbnail_height":590,"description":"Du 19 au 22 juin 2019 \u00e0 Ouagadougou (Burkina Faso) s&rsquo;est tenu le 4em Sommet international de la soci\u00e9t\u00e9 civile, DesertifActions 2019, et la premi\u00e8re du genre en Afrique. Environ 300 acteurs non \u00e9tatiques ont particip\u00e9 et \u00e9chang\u00e9 sur le th\u00e8me : \u00ab\u00a0Terre, Biodiversit\u00e9 et climat\u00a0\u00bb. Une initiative soutenue par le secr\u00e9tariat de la convention [&hellip;]"}

Sommet DésertifActions, Ouagadougou 2019 : "Terre, Biodiversité, Climat" | EcoConscience TV

<blockquote class="wp-embedded-content" data-secret="fsxWiqlPiT"><a href="https://www.ecoconscience.tv/sommet-desertifications-ouagadougou-2019-terre-biodiversite-climat/">Sommet DésertifActions, Ouagadougou 2019 : « Terre, Biodiversité, Climat »</a></blockquote><iframe sandbox="allow-scripts" security="restricted" src="https://www.ecoconscience.tv/sommet-desertifications-ouagadougou-2019-terre-biodiversite-climat/embed/#?secret=fsxWiqlPiT" width="600" height="338" title="« Sommet DésertifActions, Ouagadougou 2019 : « Terre, Biodiversité, Climat » » &#8212; EcoConscience TV" data-secret="fsxWiqlPiT" frameborder="0" marginwidth="0" marginheight="0" scrolling="no" class="wp-embedded-content"></iframe><script type="text/javascript">
/*! This file is auto-generated */
!function(c,l){"use strict";var e=!1,o=!1;if(l.querySelector)if(c.addEventListener)e=!0;if(c.wp=c.wp||{},c.wp.receiveEmbedMessage);else if(c.wp.receiveEmbedMessage=function(e){var t=e.data;if(!t);else if(!(t.secret||t.message||t.value));else if(/[^a-zA-Z0-9]/.test(t.secret));else{for(var r,s,a,i=l.querySelectorAll('iframe[data-secret="'+t.secret+'"]'),n=l.querySelectorAll('blockquote[data-secret="'+t.secret+'"]'),o=0;o<n.length;o++)n[o].style.display="none";for(o=0;o<i.length;o++)if(r=i[o],e.source!==r.contentWindow);else{if(r.removeAttribute("style"),"height"===t.message){if(1e3<(s=parseInt(t.value,10)))s=1e3;else if(~~s<200)s=200;r.height=s}if("link"===t.message)if(s=l.createElement("a"),a=l.createElement("a"),s.href=r.getAttribute("src"),a.href=t.value,a.host===s.host)if(l.activeElement===r)c.top.location.href=t.value}}},e)c.addEventListener("message",c.wp.receiveEmbedMessage,!1),l.addEventListener("DOMContentLoaded",t,!1),c.addEventListener("load",t,!1);function t(){if(o);else{o=!0;for(var e,t,r,s=-1!==navigator.appVersion.indexOf("MSIE 10"),a=!!navigator.userAgent.match(/Trident.*rv:11\./),i=l.querySelectorAll("iframe.wp-embedded-content"),n=0;n<i.length;n++){if(!(r=(t=i[n]).getAttribute("data-secret")))r=Math.random().toString(36).substr(2,10),t.src+="#?secret="+r,t.setAttribute("data-secret",r);if(s||a)(e=t.cloneNode(!0)).removeAttribute("security"),t.parentNode.replaceChild(e,t);t.contentWindow.postMessage({message:"ready",secret:r},"*")}}}}(window,document);
</script>

Du 19 au 22 juin 2019 à Ouagadougou (Burkina Faso) s&rsquo;est tenu le 4em Sommet international de la société civile, DesertifActions 2019, et la première du genre en Afrique. Environ 300 acteurs non étatiques ont participé et échangé sur le thème : « Terre, Biodiversité et climat ». Une initiative soutenue par le secrétariat de la convention [&hellip;]
