{"version":"1.0","provider_name":"EcoConscience TV","provider_url":"https:\/\/www.ecoconscience.tv","title":"|Exclusif| Changement climatique \u00e0 Landa : les r\u00e9percussions sur la production d'ignames | EcoConscience TV","type":"rich","width":600,"height":338,"html":"<blockquote class=\"wp-embedded-content\" data-secret=\"WYgkx338ma\"><a href=\"https:\/\/www.ecoconscience.tv\/exclusif-changement-climatique-a-landa\/\">|Exclusif| Changement climatique \u00e0 Landa : les r\u00e9percussions sur la production d&rsquo;ignames<\/a><\/blockquote><iframe sandbox=\"allow-scripts\" security=\"restricted\" src=\"https:\/\/www.ecoconscience.tv\/exclusif-changement-climatique-a-landa\/embed\/#?secret=WYgkx338ma\" width=\"600\" height=\"338\" title=\"\u00ab\u00a0|Exclusif| Changement climatique \u00e0 Landa : les r\u00e9percussions sur la production d&rsquo;ignames\u00a0\u00bb &#8212; EcoConscience TV\" data-secret=\"WYgkx338ma\" frameborder=\"0\" marginwidth=\"0\" marginheight=\"0\" scrolling=\"no\" class=\"wp-embedded-content\"><\/iframe><script type=\"text\/javascript\">\n\/*! This file is auto-generated *\/\n!function(c,l){\"use strict\";var e=!1,o=!1;if(l.querySelector)if(c.addEventListener)e=!0;if(c.wp=c.wp||{},c.wp.receiveEmbedMessage);else if(c.wp.receiveEmbedMessage=function(e){var t=e.data;if(!t);else if(!(t.secret||t.message||t.value));else if(\/[^a-zA-Z0-9]\/.test(t.secret));else{for(var r,s,a,i=l.querySelectorAll('iframe[data-secret=\"'+t.secret+'\"]'),n=l.querySelectorAll('blockquote[data-secret=\"'+t.secret+'\"]'),o=0;o<n.length;o++)n[o].style.display=\"none\";for(o=0;o<i.length;o++)if(r=i[o],e.source!==r.contentWindow);else{if(r.removeAttribute(\"style\"),\"height\"===t.message){if(1e3<(s=parseInt(t.value,10)))s=1e3;else if(~~s<200)s=200;r.height=s}if(\"link\"===t.message)if(s=l.createElement(\"a\"),a=l.createElement(\"a\"),s.href=r.getAttribute(\"src\"),a.href=t.value,a.host===s.host)if(l.activeElement===r)c.top.location.href=t.value}}},e)c.addEventListener(\"message\",c.wp.receiveEmbedMessage,!1),l.addEventListener(\"DOMContentLoaded\",t,!1),c.addEventListener(\"load\",t,!1);function t(){if(o);else{o=!0;for(var e,t,r,s=-1!==navigator.appVersion.indexOf(\"MSIE 10\"),a=!!navigator.userAgent.match(\/Trident.*rv:11\\.\/),i=l.querySelectorAll(\"iframe.wp-embedded-content\"),n=0;n<i.length;n++){if(!(r=(t=i[n]).getAttribute(\"data-secret\")))r=Math.random().toString(36).substr(2,10),t.src+=\"#?secret=\"+r,t.setAttribute(\"data-secret\",r);if(s||a)(e=t.cloneNode(!0)).removeAttribute(\"security\"),t.parentNode.replaceChild(e,t);t.contentWindow.postMessage({message:\"ready\",secret:r},\"*\")}}}}(window,document);\n<\/script>\n","thumbnail_url":"https:\/\/www.ecoconscience.tv\/wp-content\/uploads\/2019\/11\/20191104_165756.png","thumbnail_width":1062,"thumbnail_height":597,"description":"Votre chaine vous pr\u00e9sente le dossier exclusif, r\u00e9alis\u00e9 par la stagiaire Pauline Thibaud, de nationalit\u00e9 fran\u00e7aise (\u00e9tudiante \u00e0 l\u2019universit\u00e9 de Bordeaux) lors de son s\u00e9jour au Togo, dans le canton de Landa, au nord du pays, en collaboration avec l&rsquo;Association des Cadres de Landa. Dans ce dossier, d\u00e9couvrons comment le changement climatique se manifeste dans [&hellip;]"}

|Exclusif| Changement climatique à Landa : les répercussions sur la production d'ignames | EcoConscience TV

<blockquote class="wp-embedded-content" data-secret="WYgkx338ma"><a href="https://www.ecoconscience.tv/exclusif-changement-climatique-a-landa/">|Exclusif| Changement climatique à Landa : les répercussions sur la production d&rsquo;ignames</a></blockquote><iframe sandbox="allow-scripts" security="restricted" src="https://www.ecoconscience.tv/exclusif-changement-climatique-a-landa/embed/#?secret=WYgkx338ma" width="600" height="338" title="« |Exclusif| Changement climatique à Landa : les répercussions sur la production d&rsquo;ignames » &#8212; EcoConscience TV" data-secret="WYgkx338ma" frameborder="0" marginwidth="0" marginheight="0" scrolling="no" class="wp-embedded-content"></iframe><script type="text/javascript">
/*! This file is auto-generated */
!function(c,l){"use strict";var e=!1,o=!1;if(l.querySelector)if(c.addEventListener)e=!0;if(c.wp=c.wp||{},c.wp.receiveEmbedMessage);else if(c.wp.receiveEmbedMessage=function(e){var t=e.data;if(!t);else if(!(t.secret||t.message||t.value));else if(/[^a-zA-Z0-9]/.test(t.secret));else{for(var r,s,a,i=l.querySelectorAll('iframe[data-secret="'+t.secret+'"]'),n=l.querySelectorAll('blockquote[data-secret="'+t.secret+'"]'),o=0;o<n.length;o++)n[o].style.display="none";for(o=0;o<i.length;o++)if(r=i[o],e.source!==r.contentWindow);else{if(r.removeAttribute("style"),"height"===t.message){if(1e3<(s=parseInt(t.value,10)))s=1e3;else if(~~s<200)s=200;r.height=s}if("link"===t.message)if(s=l.createElement("a"),a=l.createElement("a"),s.href=r.getAttribute("src"),a.href=t.value,a.host===s.host)if(l.activeElement===r)c.top.location.href=t.value}}},e)c.addEventListener("message",c.wp.receiveEmbedMessage,!1),l.addEventListener("DOMContentLoaded",t,!1),c.addEventListener("load",t,!1);function t(){if(o);else{o=!0;for(var e,t,r,s=-1!==navigator.appVersion.indexOf("MSIE 10"),a=!!navigator.userAgent.match(/Trident.*rv:11\./),i=l.querySelectorAll("iframe.wp-embedded-content"),n=0;n<i.length;n++){if(!(r=(t=i[n]).getAttribute("data-secret")))r=Math.random().toString(36).substr(2,10),t.src+="#?secret="+r,t.setAttribute("data-secret",r);if(s||a)(e=t.cloneNode(!0)).removeAttribute("security"),t.parentNode.replaceChild(e,t);t.contentWindow.postMessage({message:"ready",secret:r},"*")}}}}(window,document);
</script>

Votre chaine vous présente le dossier exclusif, réalisé par la stagiaire Pauline Thibaud, de nationalité française (étudiante à l’université de Bordeaux) lors de son séjour au Togo, dans le canton de Landa, au nord du pays, en collaboration avec l&rsquo;Association des Cadres de Landa. Dans ce dossier, découvrons comment le changement climatique se manifeste dans [&hellip;]
