{"version":"1.0","provider_name":"EcoConscience TV","provider_url":"https:\/\/www.ecoconscience.tv","title":"Adoption du projet Souffle: mieux g\u00e9rer les d\u00e9chets agricoles | EcoConscience TV","type":"rich","width":600,"height":338,"html":"<blockquote class=\"wp-embedded-content\" data-secret=\"C6rhmYMRa5\"><a href=\"https:\/\/www.ecoconscience.tv\/adoption-projet-souffle-mieux-gerer-dechets-agricoles\/\">Adoption du projet Souffle: mieux g\u00e9rer les d\u00e9chets agricoles<\/a><\/blockquote><iframe sandbox=\"allow-scripts\" security=\"restricted\" src=\"https:\/\/www.ecoconscience.tv\/adoption-projet-souffle-mieux-gerer-dechets-agricoles\/embed\/#?secret=C6rhmYMRa5\" width=\"600\" height=\"338\" title=\"\u00ab\u00a0Adoption du projet Souffle: mieux g\u00e9rer les d\u00e9chets agricoles\u00a0\u00bb &#8212; EcoConscience TV\" data-secret=\"C6rhmYMRa5\" frameborder=\"0\" marginwidth=\"0\" marginheight=\"0\" scrolling=\"no\" class=\"wp-embedded-content\"><\/iframe><script type=\"text\/javascript\">\n\/*! This file is auto-generated *\/\n!function(c,l){\"use strict\";var e=!1,o=!1;if(l.querySelector)if(c.addEventListener)e=!0;if(c.wp=c.wp||{},c.wp.receiveEmbedMessage);else if(c.wp.receiveEmbedMessage=function(e){var t=e.data;if(!t);else if(!(t.secret||t.message||t.value));else if(\/[^a-zA-Z0-9]\/.test(t.secret));else{for(var r,s,a,i=l.querySelectorAll('iframe[data-secret=\"'+t.secret+'\"]'),n=l.querySelectorAll('blockquote[data-secret=\"'+t.secret+'\"]'),o=0;o<n.length;o++)n[o].style.display=\"none\";for(o=0;o<i.length;o++)if(r=i[o],e.source!==r.contentWindow);else{if(r.removeAttribute(\"style\"),\"height\"===t.message){if(1e3<(s=parseInt(t.value,10)))s=1e3;else if(~~s<200)s=200;r.height=s}if(\"link\"===t.message)if(s=l.createElement(\"a\"),a=l.createElement(\"a\"),s.href=r.getAttribute(\"src\"),a.href=t.value,a.host===s.host)if(l.activeElement===r)c.top.location.href=t.value}}},e)c.addEventListener(\"message\",c.wp.receiveEmbedMessage,!1),l.addEventListener(\"DOMContentLoaded\",t,!1),c.addEventListener(\"load\",t,!1);function t(){if(o);else{o=!0;for(var e,t,r,s=-1!==navigator.appVersion.indexOf(\"MSIE 10\"),a=!!navigator.userAgent.match(\/Trident.*rv:11\\.\/),i=l.querySelectorAll(\"iframe.wp-embedded-content\"),n=0;n<i.length;n++){if(!(r=(t=i[n]).getAttribute(\"data-secret\")))r=Math.random().toString(36).substr(2,10),t.src+=\"#?secret=\"+r,t.setAttribute(\"data-secret\",r);if(s||a)(e=t.cloneNode(!0)).removeAttribute(\"security\"),t.parentNode.replaceChild(e,t);t.contentWindow.postMessage({message:\"ready\",secret:r},\"*\")}}}}(window,document);\n<\/script>\n","thumbnail_url":"https:\/\/www.ecoconscience.tv\/wp-content\/uploads\/2017\/09\/IMG_20170919_161239_740.jpg","thumbnail_width":1080,"thumbnail_height":593,"description":"&nbsp; Lentement mais s\u00fbrement le \u00ab\u00a0Projet Souffle\u00a0\u00bb qui promeut la rationalisation des produits phytosanitaires et la gestion des d\u00e9chets agricoles rentre dans sa phase de mise en oeuvre. Adopt\u00e9 ce 19 Septembre \u00e0 Lom\u00e9 par des sp\u00e9cialistes en protection de l&rsquo;environnement, des phytosanitaires, des ing\u00e9nieurs agronomes ainsi que les producteurs agricoles, la voie est ainsi [&hellip;]"}

Adoption du projet Souffle: mieux gérer les déchets agricoles | EcoConscience TV

<blockquote class="wp-embedded-content" data-secret="C6rhmYMRa5"><a href="https://www.ecoconscience.tv/adoption-projet-souffle-mieux-gerer-dechets-agricoles/">Adoption du projet Souffle: mieux gérer les déchets agricoles</a></blockquote><iframe sandbox="allow-scripts" security="restricted" src="https://www.ecoconscience.tv/adoption-projet-souffle-mieux-gerer-dechets-agricoles/embed/#?secret=C6rhmYMRa5" width="600" height="338" title="« Adoption du projet Souffle: mieux gérer les déchets agricoles » &#8212; EcoConscience TV" data-secret="C6rhmYMRa5" frameborder="0" marginwidth="0" marginheight="0" scrolling="no" class="wp-embedded-content"></iframe><script type="text/javascript">
/*! This file is auto-generated */
!function(c,l){"use strict";var e=!1,o=!1;if(l.querySelector)if(c.addEventListener)e=!0;if(c.wp=c.wp||{},c.wp.receiveEmbedMessage);else if(c.wp.receiveEmbedMessage=function(e){var t=e.data;if(!t);else if(!(t.secret||t.message||t.value));else if(/[^a-zA-Z0-9]/.test(t.secret));else{for(var r,s,a,i=l.querySelectorAll('iframe[data-secret="'+t.secret+'"]'),n=l.querySelectorAll('blockquote[data-secret="'+t.secret+'"]'),o=0;o<n.length;o++)n[o].style.display="none";for(o=0;o<i.length;o++)if(r=i[o],e.source!==r.contentWindow);else{if(r.removeAttribute("style"),"height"===t.message){if(1e3<(s=parseInt(t.value,10)))s=1e3;else if(~~s<200)s=200;r.height=s}if("link"===t.message)if(s=l.createElement("a"),a=l.createElement("a"),s.href=r.getAttribute("src"),a.href=t.value,a.host===s.host)if(l.activeElement===r)c.top.location.href=t.value}}},e)c.addEventListener("message",c.wp.receiveEmbedMessage,!1),l.addEventListener("DOMContentLoaded",t,!1),c.addEventListener("load",t,!1);function t(){if(o);else{o=!0;for(var e,t,r,s=-1!==navigator.appVersion.indexOf("MSIE 10"),a=!!navigator.userAgent.match(/Trident.*rv:11\./),i=l.querySelectorAll("iframe.wp-embedded-content"),n=0;n<i.length;n++){if(!(r=(t=i[n]).getAttribute("data-secret")))r=Math.random().toString(36).substr(2,10),t.src+="#?secret="+r,t.setAttribute("data-secret",r);if(s||a)(e=t.cloneNode(!0)).removeAttribute("security"),t.parentNode.replaceChild(e,t);t.contentWindow.postMessage({message:"ready",secret:r},"*")}}}}(window,document);
</script>

&nbsp; Lentement mais sûrement le « Projet Souffle » qui promeut la rationalisation des produits phytosanitaires et la gestion des déchets agricoles rentre dans sa phase de mise en oeuvre. Adopté ce 19 Septembre à Lomé par des spécialistes en protection de l&rsquo;environnement, des phytosanitaires, des ingénieurs agronomes ainsi que les producteurs agricoles, la voie est ainsi [&hellip;]
