{"version":"1.0","provider_name":"EcoConscience TV","provider_url":"https:\/\/www.ecoconscience.tv","title":"Africa Day COP22 : La question des Energies renouvelables une pr\u00e9occupation | EcoConscience TV","type":"rich","width":600,"height":338,"html":"<blockquote class=\"wp-embedded-content\" data-secret=\"Q3WS2gcNai\"><a href=\"https:\/\/www.ecoconscience.tv\/994-2\/\">Africa Day COP22 : La question des Energies renouvelables une pr\u00e9occupation<\/a><\/blockquote><iframe sandbox=\"allow-scripts\" security=\"restricted\" src=\"https:\/\/www.ecoconscience.tv\/994-2\/embed\/#?secret=Q3WS2gcNai\" width=\"600\" height=\"338\" title=\"\u00ab\u00a0Africa Day COP22 : La question des Energies renouvelables une pr\u00e9occupation\u00a0\u00bb &#8212; EcoConscience TV\" data-secret=\"Q3WS2gcNai\" frameborder=\"0\" marginwidth=\"0\" marginheight=\"0\" scrolling=\"no\" class=\"wp-embedded-content\"><\/iframe><script type=\"text\/javascript\">\n\/*! This file is auto-generated *\/\n!function(c,l){\"use strict\";var e=!1,o=!1;if(l.querySelector)if(c.addEventListener)e=!0;if(c.wp=c.wp||{},c.wp.receiveEmbedMessage);else if(c.wp.receiveEmbedMessage=function(e){var t=e.data;if(!t);else if(!(t.secret||t.message||t.value));else if(\/[^a-zA-Z0-9]\/.test(t.secret));else{for(var r,s,a,i=l.querySelectorAll('iframe[data-secret=\"'+t.secret+'\"]'),n=l.querySelectorAll('blockquote[data-secret=\"'+t.secret+'\"]'),o=0;o<n.length;o++)n[o].style.display=\"none\";for(o=0;o<i.length;o++)if(r=i[o],e.source!==r.contentWindow);else{if(r.removeAttribute(\"style\"),\"height\"===t.message){if(1e3<(s=parseInt(t.value,10)))s=1e3;else if(~~s<200)s=200;r.height=s}if(\"link\"===t.message)if(s=l.createElement(\"a\"),a=l.createElement(\"a\"),s.href=r.getAttribute(\"src\"),a.href=t.value,a.host===s.host)if(l.activeElement===r)c.top.location.href=t.value}}},e)c.addEventListener(\"message\",c.wp.receiveEmbedMessage,!1),l.addEventListener(\"DOMContentLoaded\",t,!1),c.addEventListener(\"load\",t,!1);function t(){if(o);else{o=!0;for(var e,t,r,s=-1!==navigator.appVersion.indexOf(\"MSIE 10\"),a=!!navigator.userAgent.match(\/Trident.*rv:11\\.\/),i=l.querySelectorAll(\"iframe.wp-embedded-content\"),n=0;n<i.length;n++){if(!(r=(t=i[n]).getAttribute(\"data-secret\")))r=Math.random().toString(36).substr(2,10),t.src+=\"#?secret=\"+r,t.setAttribute(\"data-secret\",r);if(s||a)(e=t.cloneNode(!0)).removeAttribute(\"security\"),t.parentNode.replaceChild(e,t);t.contentWindow.postMessage({message:\"ready\",secret:r},\"*\")}}}}(window,document);\n<\/script>\n","thumbnail_url":"https:\/\/www.ecoconscience.tv\/wp-content\/uploads\/2016\/11\/maxresdefault-12.jpg","thumbnail_width":1280,"thumbnail_height":720,"description":"Africa Day. Africa in action&#8230; Ce 16 novembre 2016 a port\u00e9 la couleur de l\u2019Afrique \u00e0 la COP22. Dans le pavillon Afrique dans la zone bleue, plusieurs side events ont \u00e9t\u00e9 tenus sur les grands enjeux climatiques en Afrique. Les diff\u00e9rentes d\u00e9l\u00e9gations africaines pr\u00e9sentes ont\u00a0 fait entendre leur voix. L\u2019un des aspects majeurs qui a [&hellip;]"}

Africa Day COP22 : La question des Energies renouvelables une préoccupation | EcoConscience TV

<blockquote class="wp-embedded-content" data-secret="Q3WS2gcNai"><a href="https://www.ecoconscience.tv/994-2/">Africa Day COP22 : La question des Energies renouvelables une préoccupation</a></blockquote><iframe sandbox="allow-scripts" security="restricted" src="https://www.ecoconscience.tv/994-2/embed/#?secret=Q3WS2gcNai" width="600" height="338" title="« Africa Day COP22 : La question des Energies renouvelables une préoccupation » &#8212; EcoConscience TV" data-secret="Q3WS2gcNai" frameborder="0" marginwidth="0" marginheight="0" scrolling="no" class="wp-embedded-content"></iframe><script type="text/javascript">
/*! This file is auto-generated */
!function(c,l){"use strict";var e=!1,o=!1;if(l.querySelector)if(c.addEventListener)e=!0;if(c.wp=c.wp||{},c.wp.receiveEmbedMessage);else if(c.wp.receiveEmbedMessage=function(e){var t=e.data;if(!t);else if(!(t.secret||t.message||t.value));else if(/[^a-zA-Z0-9]/.test(t.secret));else{for(var r,s,a,i=l.querySelectorAll('iframe[data-secret="'+t.secret+'"]'),n=l.querySelectorAll('blockquote[data-secret="'+t.secret+'"]'),o=0;o<n.length;o++)n[o].style.display="none";for(o=0;o<i.length;o++)if(r=i[o],e.source!==r.contentWindow);else{if(r.removeAttribute("style"),"height"===t.message){if(1e3<(s=parseInt(t.value,10)))s=1e3;else if(~~s<200)s=200;r.height=s}if("link"===t.message)if(s=l.createElement("a"),a=l.createElement("a"),s.href=r.getAttribute("src"),a.href=t.value,a.host===s.host)if(l.activeElement===r)c.top.location.href=t.value}}},e)c.addEventListener("message",c.wp.receiveEmbedMessage,!1),l.addEventListener("DOMContentLoaded",t,!1),c.addEventListener("load",t,!1);function t(){if(o);else{o=!0;for(var e,t,r,s=-1!==navigator.appVersion.indexOf("MSIE 10"),a=!!navigator.userAgent.match(/Trident.*rv:11\./),i=l.querySelectorAll("iframe.wp-embedded-content"),n=0;n<i.length;n++){if(!(r=(t=i[n]).getAttribute("data-secret")))r=Math.random().toString(36).substr(2,10),t.src+="#?secret="+r,t.setAttribute("data-secret",r);if(s||a)(e=t.cloneNode(!0)).removeAttribute("security"),t.parentNode.replaceChild(e,t);t.contentWindow.postMessage({message:"ready",secret:r},"*")}}}}(window,document);
</script>

Africa Day. Africa in action&#8230; Ce 16 novembre 2016 a porté la couleur de l’Afrique à la COP22. Dans le pavillon Afrique dans la zone bleue, plusieurs side events ont été tenus sur les grands enjeux climatiques en Afrique. Les différentes délégations africaines présentes ont  fait entendre leur voix. L’un des aspects majeurs qui a [&hellip;]
